?
4a096
In base 5, what is 23121 + 1323?
24444
In base 16, what is 3 - 2b05?
-2b02
In base 7, what is 133 + 2010?
2143
In base 16, what is 118 + -44a?
-332
In base 2, what is 10010101 - -1111111?
100010100
In base 8, what is -24 - -5620?
5574
In base 7, what is -50663 + 463?
-50200
In base 8, what is -1027 - 36?
-1065
In base 5, what is -142403410 + 4?
-142403401
In base 9, what is 43532 - -5?
43537
In base 5, what is -424 - 102204?
-103133
In base 2, what is -10101100011001101 - -11010?
-10101100010110011
In base 2, what is 101 - -1100101000111100100?
1100101000111101001
In base 16, what is -413 + -a2c?
-e3f
In base 3, what is -1221110 - 211?
-1222021
In base 2, what is -1101010010011 + -100?
-1101010010111
In base 5, what is -104404 - 141?
-110100
In base 2, what is 1001001 - 111101000?
-110011111
In base 14, what is 12d66 - -55?
12dbb
In base 15, what is -315b1 + -5?
-315b6
In base 4, what is -20212 + 200132?
113320
In base 10, what is 3 - -15660?
15663
In base 8, what is -13200 - 35?
-13235
In base 6, what is -12 + 220311?
220255
In base 12, what is -4173b - -a?
-41731
In base 6, what is -42 - 250243?
-250325
In base 11, what is -253 - 123?
-376
In base 5, what is 141223 + 10312?
202040
In base 5, what is -231 - -13041?
12310
In base 8, what is 335 + -135?
200
In base 8, what is -3243 + 1167?
-2054
In base 10, what is -1 - -2736?
2735
In base 6, what is -5 + 101014?
101005
In base 13, what is -1033 - b?
-1041
In base 15, what is -3 - a8c?
-a90
In base 2, what is 11 + -1101111011100010?
-1101111011011111
In base 11, what is -1140699 - 1?
-114069a
In base 13, what is -b52 - -113?
-a3c
In base 3, what is 112201 - 100?
112101
In base 10, what is 131 + 53?
184
In base 7, what is 105 + -20161?
-20053
In base 12, what is 8a6 + -25?
881
In base 9, what is 5658067 + 4?
5658072
In base 14, what is -1 - 211a6?
-211a7
In base 7, what is 5 - 246026?
-246021
In base 15, what is 46002 - 3?
45eee
In base 3, what is -1010001021 + 11?
-1010001010
In base 13, what is 28b2b7 + 3?
28b2ba
In base 2, what is 100001001101 - -100000?
100001101101
In base 16, what is 7f + 1326?
13a5
In base 8, what is -2767 - 2344?
-5333
In base 2, what is -111 + -101000101001000?
-101000101001111
In base 2, what is -1001001100011 - -110?
-1001001011101
In base 10, what is 1135 + -4?
1131
In base 2, what is -100 - -1110010000101?
1110010000001
In base 2, what is 1001010001101001110 - 11?
1001010001101001011
In base 9, what is 13232 - 10?
13222
In base 8, what is -1 - 2013271?
-2013272
In base 3, what is 101022 + -1002?
100020
In base 5, what is 134414 + 10?
134424
In base 8, what is -14 - 14433?
-14447
In base 10, what is -10019 + 0?
-10019
In base 7, what is 14 - 222141?
-222124
In base 8, what is -2 - -1755177?
1755175
In base 4, what is -3 + 2102102?
2102033
In base 13, what is 6650 - -b8?
6738
In base 11, what is -38 - a12?
-a4a
In base 11, what is 36065 + 63?
36118
In base 13, what is -5 - 874?
-879
In base 3, what is -12 + -11020210?
-11020222
In base 14, what is 132 + -13c?
-a
In base 13, what is -27 + -9419?
-9443
In base 16, what is 10d + -1e19?
-1d0c
In base 7, what is 26 + 50214?
50243
In base 14, what is 1367 - 1?
1366
In base 13, what is -11 + 78c16?
78c05
In base 11, what is -43 + -19a?
-232
In base 4, what is 100 + 1112012?
1112112
In base 14, what is 0 + -1239?
-1239
In base 16, what is -23fe3 + 17?
-23fcc
In base 8, what is -3755 - 130?
-4105
In base 12, what is 8 - 1a6?
-19a
In base 9, what is 253 - -260?
523
In base 14, what is 2 - a17b?
-a179
In base 16, what is -4 + -ad0?
-ad4
In base 4, what is 0 + 12100133?
12100133
In base 11, what is 54187 - -1?
54188
In base 10, what is 2556 - -20?
2576
In base 2, what is -11011110011 + 1001100?
-11010100111
In base 6, what is 4 + 1510140?
1510144
In base 4, what is 11 + 13203032?
13203103
In base 12, what is 713a + 3?
7141
In base 13, what is 589 - 24c?
33a
In base 7, what is 4121 + 225?
4346
In base 9, what is -5 - -67816?
67811
In base 8, what is 1137 + -360?
557
In base 3, what is 1 + 11100212020?
11100212021
In base 4, what is 2323210 + 200?
2330010
In base 4, what is 1313300302 + 11?
1313300313
In base 12, what is -7 - 275a9?
-275b4
In base 5, what is 141123 + -10?
141113
In base 15, what is -12 + 2235?
2223
In base 7, what is 1131 - -4160?
5321
In base 15, what is -9e + -70a?
-7a9
In base 9, what is -4 + -83762?
-83766
In base 3, what is -12102010221 - -10?
-12102010211
In base 5, what is 1220 + 230?
2000
In base 4, what is 11110 - -1131?
12301
In base 3, what is -10 - -1202201000?
1202200220
In base 14, what is 1c5 + -52?
173
In base 8, what is 416 + -47003?
-46365
In base 11, what is -62a8 - 46?
-6343
In base 9, what is -10 - -310?
300
In base 2, what is 10101010100 - -100110?
10101111010
In base 4, what is 13032202 + 13?
13032221
In base 7, what is -23 + 162303?
162250
In base 12, what is 5 + -3131?
-3128
In base 10, what is 2513 + 85?
2598
In base 15, what is -c9dc1 - -2?
-c9dbe
In base 3, what is 20110 - 1222022?
-1201212
In base 8, what is -15 - 7543?
-7560
In base 12, what is 390 + -442?
-72
In base 6, what is 15 + 5331023?
5331042
In base 7, what is -2 + 32204?
32202
In base 9, what is 6554 + -6?
6547
In base 16, what is 2a7 - -544?
7eb
In base 12, what is -1 - -7042a4?
7042a3
In base 16, what is 12ac5 - 3?
12ac2
In base 9, what is -63 - 1566?
-1640
In base 8, what is 61115 - -7?
61124
In base 16, what is 7 - 108?
-101
In base 8, what is 10226253 + -3?
10226250
In base 15, what is 23a6 - 1?
23a5
In base 9, what is -1720 + 162?
-1547
In base 3, what is 12 - -2211120120?
2211120202
In base 9, what is -1007122 - 0?
-1007122
In base 8, what is -14 + 37377?
37363
In base 11, what is -7a - 1218?
-1297
In base 15, what is 6 + 126944?
12694a
In base 15, what is 5d0e - 0?
5d0e
In base 14, what is 13 - -458b4?
458c7
In base 8, what is -1027 - 501?
-1530
In base 11, what is 6 - a645?
-a63a
In base 9, what is 332 - -122?
454
In base 8, what is 304 - -513?
1017
In base 5, what is -1422 - -233?
-1134
In base 15, what is -22a - 174?
-39e
In base 4, what is -301101 - -221?
-300220
In base 10, what is -64 + -799?
-863
In base 14, what is -13a08 - 5?
-13a0d
In base 8, what is 2 - 5726106?
-5726104
In base 6, what is -24 + 42444?
42420
In base 8, what is 0 + 4261?
4261
In base 7, what is -14 + 1124454?
1124440
In base 5, what is 2113 - -1112?
3230
In base 5, what is 11012 + 1123?
12140
In base 14, what is 0 + -40081?
-40081
In base 12, what is -5 + -4463?
-4468
In base 15, what is -3 + -47e5c?
-47e60
In base 13, what is -47 - -17?
-30
In base 6, what is 32 - -1113?
1145
In base 11, what is -16 - 76aa?
-7715
In base 8, what is 2 + -105137?
-105135
In base 15, what is -39bcd3 - -4?
-39bcce
In base 11, what is -4a5644 - -3?
-4a5641
In base 10, what is -6673 - 1?
-6674
In base 13, what is 2005 + 0?
2005
In base 3, what is -1002 - -202?
-100
In base 12, what is 174984 + -19?
174967
In base 8, what is -114 + 7033?
6717
In base 4, what is 11 - 13131220?
-13131203
In base 6, what is -10 + 3230?
3220
In base 5, what is -2 - -203340323?
203340321
In base 15, what is 3 - 3161?
-315d
In base 10, what is 776 + 43?
819
In base 12, what is 2 + 3751?
3753
In base 6, what is -2 - 20441?
-20443
In base 2, what is -1000000 + -1000100110101001?
-1000100111101001
In base 10, what is -2 - 249508?
-249510
In base 5, what is -23 - 412243?
-412321
In base 2, what is -10010101001000 + -10?
-10010101001010
In base 8, what is 3350 + -150?
3200
In base 12, what is 4334 - a?
4326
In base 15, what is -7a + -70?
-ea
In base 12, what is -91 + -4a1a?
-4aab
In base 4, what is -201 + 320300?
320033
In base 2, what is -1 + 11111001111011001?
11111001111011000
In base 2, what is 11010 - -11100100000?
11100111010
In base 2, what is -10011110001 - 11?
-10011110100
In base 5, what is 44102 - -12?
44114
In base 9, what is 4217 + -45?
4162
In base 8, what is -3547 - 4?
-3553
In base 6, what is 10432 - 44?
10344
In base 14, what is 6d499 + 8?
6d4a3
In base 15, what is 0 - 1cb5?
-1cb5
In base 10, what is -3654 + -5?
-3659
In base 15, what is 1439 - 2?
1437
In base 12, what is 4 + -8631?
-8629
In base 16, what is 3da5 - -4?
3da9
In base 9, what is 55555 + 5?
55561
In base 16, what is -5 - -675e?
6759
In base 13, what is 5 - 15735?
-15730
In base 15, what is -5 + 2d85